{"id":2125,"date":"2016-11-30T11:17:36","date_gmt":"2016-11-30T11:17:36","guid":{"rendered":"http:\/\/mythagos.com\/Galgos\/?post_type=jetpack-portfolio&#038;p=2125"},"modified":"2017-09-08T07:37:53","modified_gmt":"2017-09-08T07:37:53","slug":"galgo-negro-ii","status":"publish","type":"avada_portfolio","link":"https:\/\/mythagos.com\/Galgos\/portfolio-items\/galgo-negro-ii\/","title":{"rendered":"Galgo Negro II"},"content":{"rendered":"<p><\/p>\n<h1 style=\"text-align: center;\">Galgo negro II<\/h1>\n<hr \/>\n<h2 style=\"text-align: center;\">&#8216;Regalate galgo&#8217;<\/h2>\n<table width=\"100%\" cellpadding=\"5\">\n<tbody>\n<tr>\n<td width=\"12%\"><\/td>\n<td align=\"right\" width=\"38%\">\n<h3>200 \u20ac sin enmarcar<\/h3>\n<\/td>\n<td width=\"38%\">\n<h3>275 \u20ac enmarcado<\/h3>\n<\/td>\n<td width=\"12%\"><\/td>\n<\/tr>\n<\/tbody>\n<\/table>\n<p>&nbsp;<\/p>\n<p><img decoding=\"async\" class=\"aligncenter size-full wp-image-2128\" src=\"http:\/\/mythagos.com\/Galgos\/wp-content\/uploads\/2016\/11\/ObraEnmarcada011.png\" alt=\"obraenmarcada011\" width=\"1024\" height=\"553\" srcset=\"https:\/\/mythagos.com\/Galgos\/wp-content\/uploads\/2016\/11\/ObraEnmarcada011-300x162.png 300w, https:\/\/mythagos.com\/Galgos\/wp-content\/uploads\/2016\/11\/ObraEnmarcada011-768x415.png 768w, https:\/\/mythagos.com\/Galgos\/wp-content\/uploads\/2016\/11\/ObraEnmarcada011.png 1024w\" sizes=\"(max-width: 1024px) 100vw, 1024px\" \/><\/p>\n<table width=\"100%\" cellpadding=\"5\">\n<tbody>\n<tr>\n<td width=\"12%\"><\/td>\n<td align=\"right\" width=\"38%\">Obra realizada sobre papel Caballo 109 satinado de 250gr\/m2.<br \/>\nT\u00e9cnica: l\u00e1pices de colores acuarelables Caran d&#8217;Ache Supracolor.<\/td>\n<td width=\"38%\">Marco de madera clara de 40 x 50 cm protegido con cristal y montado sobre cart\u00f3n conn paspartu de ph neutro libre de \u00e1cido.<\/td>\n<td width=\"12%\"><\/td>\n<\/tr>\n<\/tbody>\n<\/table>\n<p><img decoding=\"async\" class=\"aligncenter size-full wp-image-2126\" src=\"http:\/\/mythagos.com\/Galgos\/wp-content\/uploads\/2016\/11\/Galgo_007.jpg\" alt=\"Galgo Negro II\" width=\"800\" height=\"1148\" srcset=\"https:\/\/mythagos.com\/Galgos\/wp-content\/uploads\/2016\/11\/Galgo_007-209x300.jpg 209w, https:\/\/mythagos.com\/Galgos\/wp-content\/uploads\/2016\/11\/Galgo_007-714x1024.jpg 714w, https:\/\/mythagos.com\/Galgos\/wp-content\/uploads\/2016\/11\/Galgo_007-768x1102.jpg 768w, https:\/\/mythagos.com\/Galgos\/wp-content\/uploads\/2016\/11\/Galgo_007.jpg 800w\" sizes=\"(max-width: 800px) 100vw, 800px\" \/><br \/>\n<img decoding=\"async\" class=\"size-full wp-image-1935 aligncenter\" src=\"http:\/\/mythagos.com\/Galgos\/wp-content\/uploads\/2016\/07\/separador.png\" alt=\"separador\" width=\"1024\" height=\"30\" srcset=\"https:\/\/mythagos.com\/Galgos\/wp-content\/uploads\/2016\/07\/separador-300x9.png 300w, https:\/\/mythagos.com\/Galgos\/wp-content\/uploads\/2016\/07\/separador-768x23.png 768w, https:\/\/mythagos.com\/Galgos\/wp-content\/uploads\/2016\/07\/separador.png 1024w\" sizes=\"(max-width: 1024px) 100vw, 1024px\" \/><\/p>\n<table width=\"60%\" cellpadding=\"5\">\n<tbody>\n<tr>\n<td width=\"14%\"><\/td>\n<td align=\"left\" width=\"36%\">\n<h3><\/h3>\n<h3>Precio:<\/h3>\n<h3>275\u00a0\u20ac enmarcado<br \/>\n200\u20ac sin marco<\/h3>\n<p><strong><span style=\"color: #ff6600;\">!Ahora gastos de env\u00edo incluidos\u00a1<\/span><\/strong><br \/>\n<strong>Forma\u00a0y condiciones de pedido:<\/strong><\/p>\n<p>Las solicitudes de compra ser\u00e1n procesadas por estricto orden de recepci\u00f3n. Nos mand\u00e1is un mensaje a trav\u00e9s de este formulario, calculamos los costes de gastos de env\u00edo seg\u00fan vuestra direcci\u00f3n postal y os remitimos el coste final y los datos de pago. Este se realizar\u00e1 mediante transferencia bancaria.<\/p>\n<p>Una vez tengamos notificaci\u00f3n conforme se ha realizado el pago, procederemos a realizar el env\u00edo inmediatamente.<\/p>\n<p>El env\u00edo se realizar\u00e1 mediante mensajer\u00eda atendiendo a las caracter\u00edsticas concretas de este tipo de obras y con un seguro adecuado.<\/p>\n<p>Mythagos Estudio, S.L. se hace responsable de que los env\u00edos y la recepci\u00f3n de las obras se realicen en las condiciones optimas.<\/td>\n<td width=\"36%\">\n<h3>Solicitud de compra:<\/h3>\n<p>Obra ya vendida<\/td>\n<td width=\"14%\"><\/td>\n<\/tr>\n<\/tbody>\n<\/table>\n<p>&nbsp;<\/p>","protected":false},"excerpt":{"rendered":"<p>Galgo negro II &#8216;Regalate galgo&#8217; 200 \u20ac sin enmarcar 275  [&#8230;]<\/p>\n","protected":false},"author":1,"featured_media":2165,"menu_order":0,"comment_status":"open","ping_status":"closed","template":"","format":"standard","meta":{"footnotes":""},"portfolio_category":[173,175],"portfolio_skills":[],"portfolio_tags":[],"class_list":["post-2125","avada_portfolio","type-avada_portfolio","status-publish","format-standard","has-post-thumbnail","hentry","portfolio_category-serie2","portfolio_category-vendido"],"yoast_head":"<!-- This site is optimized with the Yoast SEO plugin v25.2 - https:\/\/yoast.com\/wordpress\/plugins\/seo\/ -->\n<title>Galgo Negro II - Lapiceros<\/title>\n<meta name=\"robots\" content=\"index, follow, max-snippet:-1, max-image-preview:large, max-video-preview:-1\" \/>\n<link rel=\"canonical\" href=\"http:\/\/mythagos.com\/Galgos\/portfolio-items\/galgo-negro-ii\/\" \/>\n<meta property=\"og:locale\" content=\"es_ES\" \/>\n<meta property=\"og:type\" content=\"article\" \/>\n<meta property=\"og:title\" content=\"Galgo Negro II - Lapiceros\" \/>\n<meta property=\"og:description\" content=\"Galgo negro II &#8216;Regalate galgo&#8217; 200 \u20ac sin enmarcar 275 [...]\" \/>\n<meta property=\"og:url\" content=\"http:\/\/mythagos.com\/Galgos\/portfolio-items\/galgo-negro-ii\/\" \/>\n<meta property=\"og:site_name\" content=\"Lapiceros\" \/>\n<meta property=\"article:modified_time\" content=\"2017-09-08T07:37:53+00:00\" \/>\n<meta property=\"og:image\" content=\"http:\/\/mythagos.com\/Galgos\/wp-content\/uploads\/2016\/11\/Galgo_007_vendido.jpg\" \/>\n\t<meta property=\"og:image:width\" content=\"557\" \/>\n\t<meta property=\"og:image:height\" content=\"800\" \/>\n\t<meta property=\"og:image:type\" content=\"image\/jpeg\" \/>\n<meta name=\"twitter:card\" content=\"summary_large_image\" \/>\n<meta name=\"twitter:label1\" content=\"Tiempo de lectura\" \/>\n\t<meta name=\"twitter:data1\" content=\"2 minutos\" \/>\n<script type=\"application\/ld+json\" class=\"yoast-schema-graph\">{\"@context\":\"https:\/\/schema.org\",\"@graph\":[{\"@type\":\"WebPage\",\"@id\":\"http:\/\/mythagos.com\/Galgos\/portfolio-items\/galgo-negro-ii\/\",\"url\":\"http:\/\/mythagos.com\/Galgos\/portfolio-items\/galgo-negro-ii\/\",\"name\":\"Galgo Negro II - Lapiceros\",\"isPartOf\":{\"@id\":\"https:\/\/mythagos.com\/Galgos\/en\/#website\"},\"primaryImageOfPage\":{\"@id\":\"http:\/\/mythagos.com\/Galgos\/portfolio-items\/galgo-negro-ii\/#primaryimage\"},\"image\":{\"@id\":\"http:\/\/mythagos.com\/Galgos\/portfolio-items\/galgo-negro-ii\/#primaryimage\"},\"thumbnailUrl\":\"https:\/\/mythagos.com\/Galgos\/wp-content\/uploads\/2016\/11\/Galgo_007_vendido.jpg\",\"datePublished\":\"2016-11-30T11:17:36+00:00\",\"dateModified\":\"2017-09-08T07:37:53+00:00\",\"breadcrumb\":{\"@id\":\"http:\/\/mythagos.com\/Galgos\/portfolio-items\/galgo-negro-ii\/#breadcrumb\"},\"inLanguage\":\"es\",\"potentialAction\":[{\"@type\":\"ReadAction\",\"target\":[\"http:\/\/mythagos.com\/Galgos\/portfolio-items\/galgo-negro-ii\/\"]}]},{\"@type\":\"ImageObject\",\"inLanguage\":\"es\",\"@id\":\"http:\/\/mythagos.com\/Galgos\/portfolio-items\/galgo-negro-ii\/#primaryimage\",\"url\":\"https:\/\/mythagos.com\/Galgos\/wp-content\/uploads\/2016\/11\/Galgo_007_vendido.jpg\",\"contentUrl\":\"https:\/\/mythagos.com\/Galgos\/wp-content\/uploads\/2016\/11\/Galgo_007_vendido.jpg\",\"width\":557,\"height\":800},{\"@type\":\"BreadcrumbList\",\"@id\":\"http:\/\/mythagos.com\/Galgos\/portfolio-items\/galgo-negro-ii\/#breadcrumb\",\"itemListElement\":[{\"@type\":\"ListItem\",\"position\":1,\"name\":\"Portada\",\"item\":\"https:\/\/mythagos.com\/Galgos\/en\/\"},{\"@type\":\"ListItem\",\"position\":2,\"name\":\"Portfolio\",\"item\":\"https:\/\/mythagos.com\/Galgos\/portfolio-items\/\"},{\"@type\":\"ListItem\",\"position\":3,\"name\":\"Galgo Negro II\"}]},{\"@type\":\"WebSite\",\"@id\":\"https:\/\/mythagos.com\/Galgos\/en\/#website\",\"url\":\"https:\/\/mythagos.com\/Galgos\/en\/\",\"name\":\"Lapiceros\",\"description\":\"Lapiceros y Galgos\",\"potentialAction\":[{\"@type\":\"SearchAction\",\"target\":{\"@type\":\"EntryPoint\",\"urlTemplate\":\"https:\/\/mythagos.com\/Galgos\/en\/?s={search_term_string}\"},\"query-input\":{\"@type\":\"PropertyValueSpecification\",\"valueRequired\":true,\"valueName\":\"search_term_string\"}}],\"inLanguage\":\"es\"}]}<\/script>\n<!-- \/ Yoast SEO plugin. -->","yoast_head_json":{"title":"Galgo Negro II - Lapiceros","robots":{"index":"index","follow":"follow","max-snippet":"max-snippet:-1","max-image-preview":"max-image-preview:large","max-video-preview":"max-video-preview:-1"},"canonical":"http:\/\/mythagos.com\/Galgos\/portfolio-items\/galgo-negro-ii\/","og_locale":"es_ES","og_type":"article","og_title":"Galgo Negro II - Lapiceros","og_description":"Galgo negro II &#8216;Regalate galgo&#8217; 200 \u20ac sin enmarcar 275 [...]","og_url":"http:\/\/mythagos.com\/Galgos\/portfolio-items\/galgo-negro-ii\/","og_site_name":"Lapiceros","article_modified_time":"2017-09-08T07:37:53+00:00","og_image":[{"width":557,"height":800,"url":"http:\/\/mythagos.com\/Galgos\/wp-content\/uploads\/2016\/11\/Galgo_007_vendido.jpg","type":"image\/jpeg"}],"twitter_card":"summary_large_image","twitter_misc":{"Tiempo de lectura":"2 minutos"},"schema":{"@context":"https:\/\/schema.org","@graph":[{"@type":"WebPage","@id":"http:\/\/mythagos.com\/Galgos\/portfolio-items\/galgo-negro-ii\/","url":"http:\/\/mythagos.com\/Galgos\/portfolio-items\/galgo-negro-ii\/","name":"Galgo Negro II - Lapiceros","isPartOf":{"@id":"https:\/\/mythagos.com\/Galgos\/en\/#website"},"primaryImageOfPage":{"@id":"http:\/\/mythagos.com\/Galgos\/portfolio-items\/galgo-negro-ii\/#primaryimage"},"image":{"@id":"http:\/\/mythagos.com\/Galgos\/portfolio-items\/galgo-negro-ii\/#primaryimage"},"thumbnailUrl":"https:\/\/mythagos.com\/Galgos\/wp-content\/uploads\/2016\/11\/Galgo_007_vendido.jpg","datePublished":"2016-11-30T11:17:36+00:00","dateModified":"2017-09-08T07:37:53+00:00","breadcrumb":{"@id":"http:\/\/mythagos.com\/Galgos\/portfolio-items\/galgo-negro-ii\/#breadcrumb"},"inLanguage":"es","potentialAction":[{"@type":"ReadAction","target":["http:\/\/mythagos.com\/Galgos\/portfolio-items\/galgo-negro-ii\/"]}]},{"@type":"ImageObject","inLanguage":"es","@id":"http:\/\/mythagos.com\/Galgos\/portfolio-items\/galgo-negro-ii\/#primaryimage","url":"https:\/\/mythagos.com\/Galgos\/wp-content\/uploads\/2016\/11\/Galgo_007_vendido.jpg","contentUrl":"https:\/\/mythagos.com\/Galgos\/wp-content\/uploads\/2016\/11\/Galgo_007_vendido.jpg","width":557,"height":800},{"@type":"BreadcrumbList","@id":"http:\/\/mythagos.com\/Galgos\/portfolio-items\/galgo-negro-ii\/#breadcrumb","itemListElement":[{"@type":"ListItem","position":1,"name":"Portada","item":"https:\/\/mythagos.com\/Galgos\/en\/"},{"@type":"ListItem","position":2,"name":"Portfolio","item":"https:\/\/mythagos.com\/Galgos\/portfolio-items\/"},{"@type":"ListItem","position":3,"name":"Galgo Negro II"}]},{"@type":"WebSite","@id":"https:\/\/mythagos.com\/Galgos\/en\/#website","url":"https:\/\/mythagos.com\/Galgos\/en\/","name":"Lapiceros","description":"Lapiceros y Galgos","potentialAction":[{"@type":"SearchAction","target":{"@type":"EntryPoint","urlTemplate":"https:\/\/mythagos.com\/Galgos\/en\/?s={search_term_string}"},"query-input":{"@type":"PropertyValueSpecification","valueRequired":true,"valueName":"search_term_string"}}],"inLanguage":"es"}]}},"_links":{"self":[{"href":"https:\/\/mythagos.com\/Galgos\/wp-json\/wp\/v2\/avada_portfolio\/2125","targetHints":{"allow":["GET"]}}],"collection":[{"href":"https:\/\/mythagos.com\/Galgos\/wp-json\/wp\/v2\/avada_portfolio"}],"about":[{"href":"https:\/\/mythagos.com\/Galgos\/wp-json\/wp\/v2\/types\/avada_portfolio"}],"author":[{"embeddable":true,"href":"https:\/\/mythagos.com\/Galgos\/wp-json\/wp\/v2\/users\/1"}],"replies":[{"embeddable":true,"href":"https:\/\/mythagos.com\/Galgos\/wp-json\/wp\/v2\/comments?post=2125"}],"version-history":[{"count":1,"href":"https:\/\/mythagos.com\/Galgos\/wp-json\/wp\/v2\/avada_portfolio\/2125\/revisions"}],"predecessor-version":[{"id":2229,"href":"https:\/\/mythagos.com\/Galgos\/wp-json\/wp\/v2\/avada_portfolio\/2125\/revisions\/2229"}],"wp:featuredmedia":[{"embeddable":true,"href":"https:\/\/mythagos.com\/Galgos\/wp-json\/wp\/v2\/media\/2165"}],"wp:attachment":[{"href":"https:\/\/mythagos.com\/Galgos\/wp-json\/wp\/v2\/media?parent=2125"}],"wp:term":[{"taxonomy":"portfolio_category","embeddable":true,"href":"https:\/\/mythagos.com\/Galgos\/wp-json\/wp\/v2\/portfolio_category?post=2125"},{"taxonomy":"portfolio_skills","embeddable":true,"href":"https:\/\/mythagos.com\/Galgos\/wp-json\/wp\/v2\/portfolio_skills?post=2125"},{"taxonomy":"portfolio_tags","embeddable":true,"href":"https:\/\/mythagos.com\/Galgos\/wp-json\/wp\/v2\/portfolio_tags?post=2125"}],"curies":[{"name":"wp","href":"https:\/\/api.w.org\/{rel}","templated":true}]}}

<p></p>
<h1 style="text-align: center;">Galgo negro II</h1>
<hr />
<h2 style="text-align: center;">&#8216;Regalate galgo&#8217;</h2>
<table width="100%" cellpadding="5">
<tbody>
<tr>
<td width="12%"></td>
<td align="right" width="38%">
<h3>200 € sin enmarcar</h3>
</td>
<td width="38%">
<h3>275 € enmarcado</h3>
</td>
<td width="12%"></td>
</tr>
</tbody>
</table>
<p>&nbsp;</p>
<p><img decoding="async" class="aligncenter size-full wp-image-2128" src="http://mythagos.com/Galgos/wp-content/uploads/2016/11/ObraEnmarcada011.png" alt="obraenmarcada011" width="1024" height="553" srcset="https://mythagos.com/Galgos/wp-content/uploads/2016/11/ObraEnmarcada011-300x162.png 300w, https://mythagos.com/Galgos/wp-content/uploads/2016/11/ObraEnmarcada011-768x415.png 768w, https://mythagos.com/Galgos/wp-content/uploads/2016/11/ObraEnmarcada011.png 1024w" sizes="(max-width: 1024px) 100vw, 1024px" /></p>
<table width="100%" cellpadding="5">
<tbody>
<tr>
<td width="12%"></td>
<td align="right" width="38%">Obra realizada sobre papel Caballo 109 satinado de 250gr/m2.<br />
Técnica: lápices de colores acuarelables Caran d&#8217;Ache Supracolor.</td>
<td width="38%">Marco de madera clara de 40 x 50 cm protegido con cristal y montado sobre cartón conn paspartu de ph neutro libre de ácido.</td>
<td width="12%"></td>
</tr>
</tbody>
</table>
<p><img decoding="async" class="aligncenter size-full wp-image-2126" src="http://mythagos.com/Galgos/wp-content/uploads/2016/11/Galgo_007.jpg" alt="Galgo Negro II" width="800" height="1148" srcset="https://mythagos.com/Galgos/wp-content/uploads/2016/11/Galgo_007-209x300.jpg 209w, https://mythagos.com/Galgos/wp-content/uploads/2016/11/Galgo_007-714x1024.jpg 714w, https://mythagos.com/Galgos/wp-content/uploads/2016/11/Galgo_007-768x1102.jpg 768w, https://mythagos.com/Galgos/wp-content/uploads/2016/11/Galgo_007.jpg 800w" sizes="(max-width: 800px) 100vw, 800px" /><br />
<img decoding="async" class="size-full wp-image-1935 aligncenter" src="http://mythagos.com/Galgos/wp-content/uploads/2016/07/separador.png" alt="separador" width="1024" height="30" srcset="https://mythagos.com/Galgos/wp-content/uploads/2016/07/separador-300x9.png 300w, https://mythagos.com/Galgos/wp-content/uploads/2016/07/separador-768x23.png 768w, https://mythagos.com/Galgos/wp-content/uploads/2016/07/separador.png 1024w" sizes="(max-width: 1024px) 100vw, 1024px" /></p>
<table width="60%" cellpadding="5">
<tbody>
<tr>
<td width="14%"></td>
<td align="left" width="36%">
<h3></h3>
<h3>Precio:</h3>
<h3>275 € enmarcado<br />
200€ sin marco</h3>
<p><strong><span style="color: #ff6600;">!Ahora gastos de envío incluidos¡</span></strong><br />
<strong>Forma y condiciones de pedido:</strong></p>
<p>Las solicitudes de compra serán procesadas por estricto orden de recepción. Nos mandáis un mensaje a través de este formulario, calculamos los costes de gastos de envío según vuestra dirección postal y os remitimos el coste final y los datos de pago. Este se realizará mediante transferencia bancaria.</p>
<p>Una vez tengamos notificación conforme se ha realizado el pago, procederemos a realizar el envío inmediatamente.</p>
<p>El envío se realizará mediante mensajería atendiendo a las características concretas de este tipo de obras y con un seguro adecuado.</p>
<p>Mythagos Estudio, S.L. se hace responsable de que los envíos y la recepción de las obras se realicen en las condiciones optimas.</td>
<td width="36%">
<h3>Solicitud de compra:</h3>
<p>Obra ya vendida</td>
<td width="14%"></td>
</tr>
</tbody>
</table>
<p>&nbsp;</p>
