{"id":2535,"date":"2018-07-18T15:29:32","date_gmt":"2018-07-18T15:29:32","guid":{"rendered":"http:\/\/mythagos.com\/Galgos\/?page_id=2535"},"modified":"2020-11-24T13:41:00","modified_gmt":"2020-11-24T13:41:00","slug":"politica-de-privacidad","status":"publish","type":"page","link":"http:\/\/mythagos.com\/Galgos\/politica-de-privacidad\/","title":{"rendered":"Pol\u00edtica de privacidad"},"content":{"rendered":"<p><div class=\"fusion-fullwidth fullwidth-box fusion-builder-row-1 nonhundred-percent-fullwidth non-hundred-percent-height-scrolling\" style=\"--awb-border-radius-top-left:0px;--awb-border-radius-top-right:0px;--awb-border-radius-bottom-right:0px;--awb-border-radius-bottom-left:0px;--awb-flex-wrap:wrap;\" ><div class=\"fusion-builder-row fusion-row\"><div class=\"fusion-layout-column fusion_builder_column fusion-builder-column-0 fusion_builder_column_1_5 1_5 fusion-one-fifth fusion-column-first\" style=\"--awb-padding-top:;--awb-padding-right:;--awb-padding-bottom:;--awb-padding-left:;--awb-bg-size:cover;width:20%;width:calc(20% - ( ( 4% + 4% ) * 0.2 ) );margin-right: 4%;\"><div class=\"fusion-column-wrapper fusion-flex-column-wrapper-legacy\"><div class=\"fusion-clearfix\"><\/div><\/div><\/div><div class=\"fusion-layout-column fusion_builder_column fusion-builder-column-1 fusion_builder_column_3_5 3_5 fusion-three-fifth\" style=\"--awb-padding-top:;--awb-padding-right:;--awb-padding-bottom:;--awb-padding-left:;--awb-bg-size:cover;width:60%;width:calc(60% - ( ( 4% + 4% ) * 0.6 ) );margin-right: 4%;\"><div class=\"fusion-column-wrapper fusion-flex-column-wrapper-legacy\"><div class=\"fusion-text fusion-text-1\"><p>Mythagos Estudio, S.L. es el Responsable del tratamiento de los datos personales del usuario y le informa que estos datos ser\u00e1n tratados de conformidad con lo dispuesto en el Reglamento (UE) 2016\/679, de 27 de abril de 2016 (RGPD), por lo que se le facilita la siguiente informaci\u00f3n del tratamiento:<\/p>\n<p>Finalidad del tratamiento: mantener una relaci\u00f3n comercial y el env\u00edo de comunicaciones sobre nuestros productos y servicios.<\/p>\n<p>Criterios de conservaci\u00f3n de los datos: se conservar\u00e1n mientras exista un inter\u00e9s mutuo para mantener el fin del tratamiento y cuando ya no sea necesario para tal fin, se suprimir\u00e1n con medidas de seguridad adecuadas para garantizar la seudonimizaci\u00f3n de los datos o la destrucci\u00f3n total de los mismos.<\/p>\n<p>Comunicaci\u00f3n de los datos: No se comunicar\u00e1n los datos a terceros, salvo obligaci\u00f3n legal.<\/p>\n<p>Derechos que asisten al usuario:<\/p>\n<p>Derecho a retirar el consentimiento en cualquier momento.<br \/>Derecho de acceso, rectificaci\u00f3n, portabilidad y supresi\u00f3n de sus datos y a la limitaci\u00f3n u oposici\u00f3n al su tratamiento.<br \/>Derecho a presentar una reclamaci\u00f3n ante la Autoridad de Control (www.agpd.es) si considera que el tratamiento no se ajusta a la normativa vigente.<\/p>\n<p>Datos de contacto para ejercer sus derechos:<\/p>\n<p>Direcci\u00f3n postal: Mythagos Estudio, S.L., Calle Fuenterroca 14, Collado Mediano (28450 Madrid).<br \/>Email: mythagos@mythagos.com<\/p>\n<p>Para continuar, usted debe aceptar que ha le\u00eddo y est\u00e1 conforme con la cl\u00e1usula anterior debe aceptarla expresamente<\/p>\n<\/div><div class=\"fusion-clearfix\"><\/div><\/div><\/div><div class=\"fusion-layout-column fusion_builder_column fusion-builder-column-2 fusion_builder_column_1_5 1_5 fusion-one-fifth fusion-column-last\" style=\"--awb-padding-top:;--awb-padding-right:;--awb-padding-bottom:;--awb-padding-left:;--awb-bg-size:cover;width:20%;width:calc(20% - ( ( 4% + 4% ) * 0.2 ) );\"><div class=\"fusion-column-wrapper fusion-flex-column-wrapper-legacy\"><div class=\"fusion-clearfix\"><\/div><\/div><\/div><\/div><\/div><\/p>","protected":false},"excerpt":{"rendered":"","protected":false},"author":1,"featured_media":0,"parent":0,"menu_order":0,"comment_status":"closed","ping_status":"closed","template":"","meta":{"footnotes":""},"class_list":["post-2535","page","type-page","status-publish","hentry"],"yoast_head":"<!-- This site is optimized with the Yoast SEO plugin v25.2 - https:\/\/yoast.com\/wordpress\/plugins\/seo\/ -->\n<title>Pol\u00edtica de privacidad - Lapiceros<\/title>\n<meta name=\"robots\" content=\"index, follow, max-snippet:-1, max-image-preview:large, max-video-preview:-1\" \/>\n<link rel=\"canonical\" href=\"http:\/\/mythagos.com\/Galgos\/politica-de-privacidad\/\" \/>\n<meta property=\"og:locale\" content=\"es_ES\" \/>\n<meta property=\"og:type\" content=\"article\" \/>\n<meta property=\"og:title\" content=\"Pol\u00edtica de privacidad - Lapiceros\" \/>\n<meta property=\"og:url\" content=\"http:\/\/mythagos.com\/Galgos\/politica-de-privacidad\/\" \/>\n<meta property=\"og:site_name\" content=\"Lapiceros\" \/>\n<meta property=\"article:modified_time\" content=\"2020-11-24T13:41:00+00:00\" \/>\n<meta name=\"twitter:card\" content=\"summary_large_image\" \/>\n<meta name=\"twitter:label1\" content=\"Tiempo de lectura\" \/>\n\t<meta name=\"twitter:data1\" content=\"9 minutos\" \/>\n<script type=\"application\/ld+json\" class=\"yoast-schema-graph\">{\"@context\":\"https:\/\/schema.org\",\"@graph\":[{\"@type\":\"WebPage\",\"@id\":\"http:\/\/mythagos.com\/Galgos\/politica-de-privacidad\/\",\"url\":\"http:\/\/mythagos.com\/Galgos\/politica-de-privacidad\/\",\"name\":\"Pol\u00edtica de privacidad - Lapiceros\",\"isPartOf\":{\"@id\":\"http:\/\/mythagos.com\/Galgos\/en\/#website\"},\"datePublished\":\"2018-07-18T15:29:32+00:00\",\"dateModified\":\"2020-11-24T13:41:00+00:00\",\"breadcrumb\":{\"@id\":\"http:\/\/mythagos.com\/Galgos\/politica-de-privacidad\/#breadcrumb\"},\"inLanguage\":\"es\",\"potentialAction\":[{\"@type\":\"ReadAction\",\"target\":[\"http:\/\/mythagos.com\/Galgos\/politica-de-privacidad\/\"]}]},{\"@type\":\"BreadcrumbList\",\"@id\":\"http:\/\/mythagos.com\/Galgos\/politica-de-privacidad\/#breadcrumb\",\"itemListElement\":[{\"@type\":\"ListItem\",\"position\":1,\"name\":\"Portada\",\"item\":\"http:\/\/mythagos.com\/Galgos\/en\/\"},{\"@type\":\"ListItem\",\"position\":2,\"name\":\"Pol\u00edtica de privacidad\"}]},{\"@type\":\"WebSite\",\"@id\":\"http:\/\/mythagos.com\/Galgos\/en\/#website\",\"url\":\"http:\/\/mythagos.com\/Galgos\/en\/\",\"name\":\"Lapiceros\",\"description\":\"Lapiceros y Galgos\",\"potentialAction\":[{\"@type\":\"SearchAction\",\"target\":{\"@type\":\"EntryPoint\",\"urlTemplate\":\"http:\/\/mythagos.com\/Galgos\/en\/?s={search_term_string}\"},\"query-input\":{\"@type\":\"PropertyValueSpecification\",\"valueRequired\":true,\"valueName\":\"search_term_string\"}}],\"inLanguage\":\"es\"}]}<\/script>\n<!-- \/ Yoast SEO plugin. -->","yoast_head_json":{"title":"Pol\u00edtica de privacidad - Lapiceros","robots":{"index":"index","follow":"follow","max-snippet":"max-snippet:-1","max-image-preview":"max-image-preview:large","max-video-preview":"max-video-preview:-1"},"canonical":"http:\/\/mythagos.com\/Galgos\/politica-de-privacidad\/","og_locale":"es_ES","og_type":"article","og_title":"Pol\u00edtica de privacidad - Lapiceros","og_url":"http:\/\/mythagos.com\/Galgos\/politica-de-privacidad\/","og_site_name":"Lapiceros","article_modified_time":"2020-11-24T13:41:00+00:00","twitter_card":"summary_large_image","twitter_misc":{"Tiempo de lectura":"9 minutos"},"schema":{"@context":"https:\/\/schema.org","@graph":[{"@type":"WebPage","@id":"http:\/\/mythagos.com\/Galgos\/politica-de-privacidad\/","url":"http:\/\/mythagos.com\/Galgos\/politica-de-privacidad\/","name":"Pol\u00edtica de privacidad - Lapiceros","isPartOf":{"@id":"http:\/\/mythagos.com\/Galgos\/en\/#website"},"datePublished":"2018-07-18T15:29:32+00:00","dateModified":"2020-11-24T13:41:00+00:00","breadcrumb":{"@id":"http:\/\/mythagos.com\/Galgos\/politica-de-privacidad\/#breadcrumb"},"inLanguage":"es","potentialAction":[{"@type":"ReadAction","target":["http:\/\/mythagos.com\/Galgos\/politica-de-privacidad\/"]}]},{"@type":"BreadcrumbList","@id":"http:\/\/mythagos.com\/Galgos\/politica-de-privacidad\/#breadcrumb","itemListElement":[{"@type":"ListItem","position":1,"name":"Portada","item":"http:\/\/mythagos.com\/Galgos\/en\/"},{"@type":"ListItem","position":2,"name":"Pol\u00edtica de privacidad"}]},{"@type":"WebSite","@id":"http:\/\/mythagos.com\/Galgos\/en\/#website","url":"http:\/\/mythagos.com\/Galgos\/en\/","name":"Lapiceros","description":"Lapiceros y Galgos","potentialAction":[{"@type":"SearchAction","target":{"@type":"EntryPoint","urlTemplate":"http:\/\/mythagos.com\/Galgos\/en\/?s={search_term_string}"},"query-input":{"@type":"PropertyValueSpecification","valueRequired":true,"valueName":"search_term_string"}}],"inLanguage":"es"}]}},"_links":{"self":[{"href":"http:\/\/mythagos.com\/Galgos\/wp-json\/wp\/v2\/pages\/2535","targetHints":{"allow":["GET"]}}],"collection":[{"href":"http:\/\/mythagos.com\/Galgos\/wp-json\/wp\/v2\/pages"}],"about":[{"href":"http:\/\/mythagos.com\/Galgos\/wp-json\/wp\/v2\/types\/page"}],"author":[{"embeddable":true,"href":"http:\/\/mythagos.com\/Galgos\/wp-json\/wp\/v2\/users\/1"}],"replies":[{"embeddable":true,"href":"http:\/\/mythagos.com\/Galgos\/wp-json\/wp\/v2\/comments?post=2535"}],"version-history":[{"count":2,"href":"http:\/\/mythagos.com\/Galgos\/wp-json\/wp\/v2\/pages\/2535\/revisions"}],"predecessor-version":[{"id":2608,"href":"http:\/\/mythagos.com\/Galgos\/wp-json\/wp\/v2\/pages\/2535\/revisions\/2608"}],"wp:attachment":[{"href":"http:\/\/mythagos.com\/Galgos\/wp-json\/wp\/v2\/media?parent=2535"}],"curies":[{"name":"wp","href":"https:\/\/api.w.org\/{rel}","templated":true}]}}